
Is 23 a factor of 4072682?
False
Does 3 divide 1525301?
False
Does 148 divide 3546376?
True
Is 276803 a multiple of 81?
False
Is 5 a factor of 62350?
True
Is 15 a factor of 2187587?
False
Does 14 divide 1564437?
False
Does 288 divide 922752?
True
Is 1112 a factor of 1475647?
False
Is 43740 a multiple of 10?
True
Is 5 a factor of 48104?
False
Is 4392160 a multiple of 274?
False
Is 9313139 a multiple of 14?
False
Does 123 divide 84993?
True
Is 2 a factor of 13928?
True
Is 852544 a multiple of 8?
True
Does 832 divide 1202608?
False
Does 50 divide 147750?
True
Is 14660091 a multiple of 1149?
True
Is 593839 a multiple of 3?
False
Is 132052 a multiple of 3?
False
Is 14255723 a multiple of 1585?
False
Does 333 divide 1197202?
False
Is 22259402 a multiple of 59?
True
Is 562 a factor of 3622121?
False
Is 519704 a multiple of 14?
False
Is 14 a factor of 196560?
True
Does 370 divide 14019300?
True
Is 28 a factor of 225541?
False
Does 14 divide 458695?
False
Is 1169 a multiple of 3?
False
Is 3640575 a multiple of 79?
False
Is 1493693 even?
False
Is 29 a factor of 68784?
False
Does 70 divide 11596169?
False
Is 6566332 a multiple of 16?
False
Does 993 divide 1878756?
True
Is 6297987 a multiple of 19?
True
Is 3100396 a multiple of 4?
True
Is 52 a factor of 825?
False
Is 2220222 a multiple of 219?
True
Is 176 a factor of 4617712?
True
Is 388747 a multiple of 13?
False
Is 203 a factor of 16305?
False
Is 18 a factor of 1673501?
False
Does 18 divide 629874?
True
Is 80 a factor of 439680?
True
Is 18 a factor of 3733434?
True
Does 91 divide 1311745?
False
Is 33 a factor of 577324?
False
Is 6844786 a multiple of 13?
True
Is 723447 a multiple of 19?
False
Is 63 a factor of 154799?
False
Is 12 a factor of 3774382?
False
Does 37 divide 117858?
False
Is 1738733 a multiple of 156?
False
Is 1139774 a multiple of 14?
False
Does 29 divide 48582?
False
Is 233841 a multiple of 7?
False
Is 10 a factor of 16037259?
False
Is 4 a factor of 198367?
False
Is 36 a factor of 171896?
False
Does 239 divide 1622435?
False
Is 1011644 a multiple of 26?
False
Is 12549 a multiple of 3?
True
Is 211 a factor of 1181598?
False
Is 4206160 a multiple of 80?
True
Is 230895 a multiple of 105?
True
Does 18 divide 542952?
True
Does 8 divide 8384597?
False
Does 576 divide 1648987?
False
Is 482 a factor of 17352?
True
Is 4017176 a multiple of 549?
False
Is 13 a factor of 368111?
False
Does 113 divide 736760?
True
Is 28 a factor of 69967?
False
Does 651 divide 1040206?
False
Is 973395 a multiple of 10?
False
Is 317895 a multiple of 15?
True
Does 15 divide 206597?
False
Does 65 divide 9917?
False
Is 14 a factor of 409513?
False
Does 74 divide 178118?
True
Does 155 divide 37820?
True
Is 10670121 a multiple of 77?
True
Does 15 divide 7062542?
False
Is 59 a factor of 850451?
False
Is 6744 a multiple of 6?
True
Does 54 divide 77922?
True
Is 35 a factor of 10216922?
False
Is 1692380 a multiple of 74?
True
Is 79 a factor of 153892?
True
Is 295618 a multiple of 112?
False
Does 5 divide 142410?
True
Is 633 a factor of 6876186?
False
Is 1012354 a multiple of 20?
False
Does 143 divide 5391815?
True
Does 13 divide 87788?
False
Does 130 divide 12740?
True
Does 33 divide 19668?
True
Is 143525 a multiple of 699?
False
Does 38 divide 124103?
False
Is 503 a factor of 1393103?
False
Is 249 a factor of 1212630?
True
Does 716 divide 3891460?
True
Is 26 a factor of 19281106?
True
Does 3 divide 59111?
False
Is 1191583 a multiple of 37?
False
Is 94062 a multiple of 257?
True
Does 57 divide 871017?
True
Is 24 a factor of 279144?
True
Does 4 divide 220363?
False
Is 66 a factor of 11021774?
False
Does 9 divide 7650153?
True
Is 352518 a multiple of 316?
False
Does 566 divide 710700?
False
Is 621 a factor of 3384036?
False
Does 415 divide 141432?
False
Is 8536470 a multiple of 310?
True
Is 534 a factor of 110538?
True
Does 8 divide 145496?
True
Is 208578 a multiple of 164?
False
Is 192 a factor of 917311?
False
Is 1528804 a multiple of 458?
True
Does 685 divide 5630700?
True
Is 2257749 a multiple of 9?
True
Is 84 a factor of 1472352?
True
Does 107 divide 480306?
False
Is 94163 a multiple of 493?
True
Is 207986 a multiple of 114?
False
Is 12 a factor of 214275?
False
Is 65460 a multiple of 60?
True
Is 17 a factor of 53403?
False
Is 2977833 a multiple of 31?
False
Is 114 a factor of 14473?
False
Is 465 a factor of 1963230?
True
Is 380 a factor of 1469968?
False
Is 188 a factor of 150814?
False
Is 254 a factor of 422358?
False
Does 12 divide 315744?
True
Is 649740 a multiple of 51?
True
Is 299 a factor of 23838085?
False
Does 12 divide 838505?
False
Is 294 a factor of 27380?
False
Is 154 a factor of 199280?
False
Does 115 divide 3045315?
True
Is 1067604 a multiple of 258?
True
Is 276178 a multiple of 125?
False
Is 170 a factor of 2854698?
False
Is 397974 a multiple of 6?
True
Is 3 a factor of 11891?
False
Is 33 a factor of 662838?
True
Is 6 a factor of 42637?
False
Does 203 divide 148887?
False
Does 605 divide 1685530?
True
Is 927265 a multiple of 5?
True
Is 1063 a factor of 581994?
False
Is 124130 a multiple of 166?
False
Is 2986560 a multiple of 192?
True
Is 934472 a multiple of 28?
True
Is 170 a factor of 1294364?
False
Is 319477 a multiple of 16?
False
Is 227278 a multiple of 38?
True
Is 290 a factor of 239830?
True
Is 27 a factor of 4194374?
False
Does 46 divide 31970?
True
Is 9 a factor of 324073?
False
Does 402 divide 832542?
True
Is 248 a factor of 2765696?
True
Is 280 a factor of 28080674?
False
Does 14 divide 1070079?
False
Is 30 a factor of 3780632?
False
Is 28 a factor of 53882?
False
Is 493726 a multiple of 25?
False
Is 11412883 a multiple of 26?
False
Is 80 a factor of 54720?
True
Is 215325 a multiple of 5?
True
Does 2 divide 13167?
False
Does 15 divide 1252860?
True
Does 11 divide 60621?
True
Does 10 divide 513760?
True
Is 699286 a multiple of 7?
True
Does 1111 divide 13116138?
False
Is 70 a factor of 489852?
False
Is 139 a factor of 15038921?
False
Does 16 divide 1257879?
False
Is 695403 a multiple of 19?
False
Does 39 divide 968215?
False
Is 134 a factor of 78524?
True
Does 100 divide 8525100?
True
Is 441693 a multiple of 63?
True
Is 17731 a multiple of 56?
False
Does 11 divide 34914?
True
Does 20 divide 2398060?
True
Is 120615 a multiple of 561?
True
Is 317 a factor of 161982?
False
Is 45448 a multiple of 46?
True
Does 189 divide 78813?
True
Does 9 divide 6966?
True
Is 2471700 a multiple of 43?
False
Is 16 a factor of 13434176?
True
Is 489 a factor of 11981478?
True
Is 11 a factor of 48817?
False
Is 178002 a multiple of 410?
False
Does 7 divide 5162516?
False
Is 82968 a multiple of 12?
True
Does 106 divide 274338?
False
Is 705 a factor of 2186432?
False
Is 19 a factor of 2567578?
False
Is 530427 a multiple of 5?
False
Is 24 a factor of 269784?
True
Is 13025276 a multiple of 1522?
True
Is 1789014 a multiple of 42?
False
Is 27 a factor of 3376219?
False
Is 33 a factor of 350064?
True
Is 48620 a multiple of 119?
False
Does 23 divide 651498?
True
Is 317 a factor of 6405560?
False
Does 251 divide 5107097?
True
Is 21 a factor of 585333?
True
Is 10 a factor of 1929720?
True
Is 14352 a multiple of 23?
True
Is 203 a factor of 1316036?
False
Is 12 a factor of 25965132?
True
Is 4968717 a multiple of 403?
False
Does 2 divide 50844?
True
Does 309 divide 1613613?
False
Does 17 divide 7054021?
False
Is 285 a factor of 417095?
False
Does 91 divide 742380?
False
Is 197988 a multiple of 63?
False
Is 247 a factor of 4766853?
True
Does 609 divide 2412917?
False
Is 35887 a multiple of 21?
False
Does 533 divide 155636?
True
Is 38811 even?
False
Does 118 divide 250868?
True
Does 17 divide 9173134?
False
Is 809844 a multiple of 311?
True
Is 890890 a multiple of 143?
True
Is 272108 a multiple of 298?
False
Is 2767408 a multiple of 56?
True
Does 25 divide 176625?
True
Is 388971 a multiple of 22?
False
Does 64 divide 1250429?
False
Is 803061 a multiple of 80?
False
Is 941 a factor of 10917482?
True
Does 150 divide 8877150?
True
Does 28 divide 672420?
True
Is 19992 a multiple of 24?
True
Is 480700 a multiple of 25?
True
Is 80 a factor of 359920?
True
Is 187450 a multiple of 163?
True
Is 223648 a multiple of 58?
True
Does 237 divide 6131901?
True
Does 293 divide 193966?
True
Is 8 a factor of 18741?
False
Is 74 a factor of 826284?
True
D